2 + 22*l - 104. Determine m(8).
-56
Let k(p) = 537*p**2 + 5*p - 3. What is k(1)?
539
Let k(v) = -2*v**3 + 4*v**2 + 15*v - 56. Determine k(3).
-29
Let d(f) = 38*f**2 + 112*f + 112. Determine d(-1).
38
Let f(w) = 5*w**3 + 27*w**2 + 160*w + 5. What is f(-5)?
-745
Let z(p) = 110*p**2 - 332*p - 1. What is z(3)?
-7
Let w(p) = 10*p**3 - 51*p**2 + 12*p - 23. Calculate w(5).
12
Let m(n) = n**3 - 47*n**2 + 216*n + 12. Give m(5).
42
Let i(t) = t**2 + 2*t - 195. Calculate i(13).
0
Let t(u) = 31*u + 18. Give t(-4).
-106
Let w(o) = o**3 - 5*o**2 + o + 28. Calculate w(5).
33
Let a(o) = -o**2 + 8*o + 90. Determine a(0).
90
Let h(z) = z**3 - 61*z**2 - 216*z + 1483. Calculate h(64).
-53
Let p(q) = 105*q + 5858. Calculate p(-56).
-22
Let t(l) = -l**3 - 9*l**2 - 19*l - 41. Determine t(-7).
-6
Let j(f) = -21*f + 200. Determine j(10).
-10
Let u(m) = -2*m**2 - 98*m - 487. Give u(-44).
-47
Let j(c) = -48*c + 407. Give j(7).
71
Let h(s) = 15*s**2 - 339*s + 1646. Calculate h(7).
8
Let p(d) = 3*d**2 + 10*d - 3. Give p(-9).
150
Let k(q) = -q**3 - 41*q**2 + 179*q - 46. What is k(-45)?
-1
Let j(m) = 2*m**2 - 44*m - 15. Calculate j(23).
31
Let v(i) = 3*i**2 + 233*i + 90. Calculate v(-78).
168
Let l(z) = -77*z - 131. Calculate l(-2).
23
Let t(s) = -s**3 - 48*s**2 - 61*s - 749. What is t(-47)?
-91
Let v(o) = -o**3 - 5*o**2 + 134*o + 846. What is v(-7)?
6
Let l(z) = 364*z - 717. What is l(2)?
11
Let h(z) = z**3 - 14*z**2 - 74*z + 1001. Calculate h(9).
-70
Let x(q) = 2*q**2 + 128*q - 51091. Calculate x(-195).
-1
Let n(h) = 2*h**2 - 148*h - 4198. Determine n(-22).
26
Let i(v) = 38*v + 1775. What is i(-43)?
141
Let p(x) = -43*x + 292. Determine p(7).
-9
Let l(o) = -8*o**2 + 99*o + 71. Calculate l(13).
6
Let b(q) = q**3 - 5*q**2 - 117. What is b(7)?
-19
Let b(z) = -245*z + 1420. What is b(6)?
-50
Let i(c) = 12*c**2 - 42*c + 225. What is i(6)?
405
Let j(n) = -n**3 - 20*n**2 - 26*n + 18. Calculate j(-19).
151
Let v(z) = -z**2 - 10*z + 52. Calculate v(-16).
-44
Let i(a) = 205*a - 5138. What is i(25)?
-13
Let j(w) = 5777*w + 98227. Determine j(-17).
18
Let a(u) = -u**2 + 568*u - 3924. What is a(7)?
3
Let f(y) = 1521*y + 6081. Calculate f(-4).
-3
Let v(a) = -160*a + 1. Determine v(-4).
641
Let s(d) = 215*d + 1513. Give s(-7).
8
Let f(i) = -2*i**2 - 96*i - 787. Calculate f(-38).
-27
Let v(h) = -2*h**3 - 46*h**2 - h - 30. Calculate v(-23).
-7
Let x(m) = 5*m**3 + 29*m**2 - 77*m - 495. Give x(-5).
-10
Let q(c) = 1106*c + 5505. Give q(-5).
-25
Let j(k) = 2*k**2 - 7*k - 17. Determine j(-4).
43
Let l(y) = -y**3 + 23*y**2 + 28*y - 107. Determine l(24).
-11
Let n(b) = b**2 - 80*b - 395. Determine n(84).
-59
Let j(r) = -r**2 - 13*r + 99. What is j(14)?
-279
Let j(u) = -27*u - 591. Determine j(-21).
-24
Let p(k) = -2*k - 153. Determine p(-76).
-1
Let p(j) = -j**3 - 8*j**2 + 15*j - 20. Determine p(-10).
30
Let y(p) = -193*p - 957. Calculate y(-5).
8
Let x(f) = 2*f**2 + 49*f + 298. Give x(-10).
8
Let w(a) = 23*a + 870. Determine w(-38).
-4
Let l(v) = -15*v - 98. Calculate l(-10).
52
Let l(d) = -d**3 + 7*d**2 - 178*d + 1224. Give l(7).
-22
Let w(s) = s**2 - 128*s + 3510. Give w(39).
39
Let t(z) = 122*z + 455. Calculate t(-7).
-399
Let a(c) = 22*c + 931. Calculate a(-45).
-59
Let w(r) = -r**2 + 580*r - 6721. Determine w(12).
95
Let f(w) = w**3 + 53*w**2 - 489*w - 63. What is f(-61)?
-2
Let y(x) = -2*x**3 - 76*x**2 - 5. What is y(-38)?
-5
Let a(r) = -r**2 - 23*r + 41. Give a(-33).
-289
Let h(t) = -108*t**2 + 18578*t - 347. Determine h(172).
-3
Let r(u) = 6*u + 414. Determine r(-68).
6
Let l(w) = 27*w - 964. Determine l(36).
8
Let j(s) = -12*s**2 + 19*s - 43. Give j(2).
-53
Let l(j) = -13*j - 5. Determine l(-2).
21
Let w(k) = -2*k**3 - 45*k - 15. Calculate w(0).
-15
Let u(r) = -r**2 + 10*r + 312. What is u(22)?
48
Let t(h) = -h**2 + 18*h + 539. Calculate t(34).
-5
Let l(y) = -y**3 - 2*y**2 + 17*y - 6. Determine l(-6).
36
Let b(k) = -35*k - 16. Calculate b(-2).
54
Let a(x) = 3*x**3 + 2*x + 2. Give a(2).
30
Let m(p) = -p**2 - 25*p + 31. What is m(-25)?
31
Let m(j) = -2*j**3 + 26*j**2 - 27*j + 102. Give m(13).
-249
Let j(z) = -1094*z + 18603. Calculate j(17).
5
Let u(b) = -313*b - 698. What is u(-2)?
-72
Let m(b) = -105*b + 604. What is m(7)?
-131
Let g(z) = -2*z**2 - 1053*z + 32230. Give g(29).
11
Let g(i) = -i**2 + 94*i - 331. What is g(91)?
-58
Let f(i) = i**2 + 65*i - 3367. What is f(34)?
-1
Let a(y) = -y**2 - 31*y - 315. Determine a(-33).
-381
Let i(c) = 8*c**2 + 33*c + 31. Determine i(-1).
6
Let x(m) = m**3 - 47*m**2 - 52*m + 149. Give x(48).
-43
Let l(m) = m**3 + 16*m**2 + 40*m + 15. What is l(-13)?
2
Let d(q) = -648*q + 670. Determine d(1).
22
Let o(k) = 3*k**2 - 314*k + 7202. What is o(34)?
-6
Let f(u) = -u**2 - 44*u - 246. Give f(-36).
42
Let f(r) = -r - 264. Calculate f(-39).
-225
Let g(o) = -o**2 + 4*o - 52. What is g(4)?
-52
Let h(z) = -z**2 + 293*z - 11173. Give h(45).
-13
Let c(v) = 298*v**3 + 13*v**2 + 16*v + 2. What is c(-1)?
-299
Let f(g) = -g**3 - 12*g**2 - 6*g - 61. Calculate f(-12).
11
Let n(y) = -y**3 + 17*y**2 + 8*y + 184. Calculate n(18).
4
Let x(g) = g**3 + 20*g**2 + 9*g + 64. Calculate x(-18).
550
Let k(a) = 7*a**2 - 77*a - 44. Calculate k(12).
40
Let r(l) = -l**2 - 69*l - 416. What is r(-62)?
18
Let u(t) = -228*t**2 + 5*t - 1. Calculate u(-1).
-234
Let s(t) = -t**2 + 53*t + 764. Calculate s(-11).
60
Let w(z) = -401*z + 4030. Give w(10).
20
Let i(j) = 2*j**3 + 28*j**2 - 135*j + 96. Calculate i(3).
-3
Let i(v) = -1680*v - 6675. Give i(-4).
45
Let o(f) = 2*f**3 - 24*f**2 + 18*f + 44. Determine o(11).
0
Let v(o) = 3*o**2 + 150*o + 324. What is v(-46)?
-228
Let p(w) = -787*w - 67676. Calculate p(-86).
6
Let h(a) = -139*a + 820. Calculate h(7).
-153
Let l(n) = n**3 + 37*n**2 + 284*n + 9. Calculate l(-11).
31
Let j(a) = -9*a**3 - 46*a**2 - 5*a - 6. What is j(-5)?
-6
Let o(u) = -u**3 - 7*u**2 - 12*u - 35. Calculate o(-5).
-25
Let o(x) = 63*x**2 - 648*x + 3. Determine o(11).
498
Let p(c) = 54*c + 2374. Calculate p(-44).
-2
Let s(g) = -g**2 - 42*g + 4179. Calculate s(47).
-4
Let v(i) = -i**2 + 121*i - 3039. What is v(34)?
-81
Let o(v) = 93*v + 1296. Give o(-13).
87
Let s(i) = 5*i**2 + 302*i + 386. Calculate s(-59).
-27
Let j(b) = -25*b**2 - 215*b - 20. What is j(-7)?
260
Let h(p) = -11*p + 354. Determine h(29).
35
Let k(u) = u**3 - 43*u**2 - 91*u + 64. Determine k(45).
19
Let t(i) = -16*i + 110. Determine t(7).
-2
Let c(q) = -q**2 + 126*q - 3947. What is c(68)?
-3
Let a(o) = 12*o + 594. Give a(-44).
66
Let h(f) = f**2 + 121*f + 1472. Give h(-14).
-26
Let p(c) = c**2 - 11*c - 13. Give p(12).
-1
Let t(i) = 10*i**2 - 23*i + 40. Calculate t(6).
262
Let v(g) = -g**3 + 239*g**2 + 1251*g - 7541. Determine v(244).
23
Let d(g) = 28*g + 310. Determine d(-17).
-166
Let t(o) = 132*o + 1857. Determine t(-14).
9
Let f(a) = 3*a**2 + 200*a - 82. Determine f(-67).
-15
Let i(c) = -3*c**3 - 12*c**2 - 16*c - 5. Determine i(-2).
3
Let m(k) = 6*k**2 - 85*k + 132. What is m(2)?
-14
Let p(n) = -3*n**2 + 2*n + 3. Give p(2).
-5
Let s(f) = -f**3 + 50*f**2 - 137*f - 184. Calculate s(47).
4
Let s(j) = -195*j + 1181. Calculate s(6).
11
Let v(x) = -x**2 - 157*x + 4165. Determine v(23).
25
Let c(x) = -42*x + 231. What is c(6)?
-21
Let l(q) = -27*q**3 + 9*q**2 + 3*q - 5. Calculate l(-1).
28
Let a(b) = -b**3 - 153*b**2 + 606*b + 90. Determine a(4).
2
Let x(y) = -y**3 + 136*y**2 + 169*y + 33. What is x(-1)?
1
Let c(o) = -39*o - 295. Calculate c(-7).
-22
Let k(v) = v**3 + 39*v**2 + 3*v + 130. Calculate k(-39).
13
Let y(h) = 122*h + 927. Determine y(-7).
73
Let y(h) = 2*h**3 - 5*h**2 - 9*h - 14. What is y(5)?
66
Let n(h) = -3*h**2 - 412*h - 1723. Give n(-133).
6
Let f(k) = 184*k - 1115. Give f(6).
-11
Let n(y) = y**2 + 91*y. Determine n(0).
0
Let h(f) = f**2 - 134*f - 2565. Determine h(-17).
2
Let o(n) = -2*n**3 - 61*n**2 + 62*n - 78. What is o(-31)?
-1039
Let g(r) = -r**3 + 16*r**2 + 157*r + 121. Give g(23).
29
Let k(t) = -24*t - 7. What is k(-1)?
17
Let v(i) = -i**3 + 52*i**2 + 768*i - 35. Give v(64).
-35
Let s(j) = -j**2 + 35*j + 230. What is s(-6)?
-16
Let q(r) = -2*r**3 + 60*r**2 + 127*r - 54. Give q(32).
-86
Let n(z) = 2*z**3 + 267*z**2 + 657*z + 271. Determine n(-131).
9
Let p(m) = m**3 + 34*m**2 + 66*m - 15. Calculate p(-32).
-79
Let k(z) = 16*z**2 - 14*z + 4. What is k(1)?
6
Let h(j) = 3504*j - 59562. What is h